visor of s and p.
35
Let b = 47 - 41. Suppose u - 21 = -b*u. Suppose 290 = u*j - 25. Calculate the greatest common divisor of j and 15.
15
Let i = -146 - -93. Let y = 141 + i. Suppose -a - 19 = -4*a + g, 2*a - 2*g = 6. What is the greatest common divisor of y and a?
8
Let s(j) = j**2 - 3*j + 3. Let a be s(-6). Let r = -336 + 338. Suppose -5*h - r*w + 23 = -4*w, -h = -4*w - 19. Calculate the highest common factor of h and a.
3
Let v(b) = 5*b + 5. Let g be (-10 - -10) + -1*2. Let x be v(g). Let h be 1/x + 71/5. Calculate the greatest common divisor of 14 and h.
14
Let l(k) = 187*k + 21. Let m be l(0). Calculate the highest common divisor of 1414 and m.
7
Let a = 10072 + -9820. What is the greatest common divisor of 1452 and a?
12
Let i = -14281 + 14294. Calculate the greatest common factor of 227 and i.
1
Let i(d) be the first derivative of 24*d**4 + d**2/2 - 2*d - 1. Let a be i(1). What is the highest common divisor of a and 38?
19
Suppose 4*l - 5*q - 374 = 3*l, 374 = l + 8*q. Let a = l + -362. Let p = -14 + 23. Calculate the greatest common divisor of a and p.
3
Let u(b) = -b**3 + 13*b**2 - 9*b - 10. Let a be u(7). Suppose -134654 = 8*n - 135062. What is the highest common divisor of n and a?
17
Suppose 2*g = -9*g + 33. Suppose -5 = 2*s - 3*s + 4*o, -g*s + 3*o = -33. Let h(i) = i**2 + i - 6. Let n be h(s). What is the greatest common factor of n and 16?
16
Suppose -2*q + 315 = q + 2*n, 3*q - 4*n = 333. Suppose 211 + q = -3*x. Let r = 115 + x. What is the highest common divisor of r and 72?
9
Let l = 45 - 48. Let i(h) = -4*h - 12. Let z be i(l). Suppose -158 = -5*f - 2*j + j, -2*f + 3*j + 70 = z. What is the highest common divisor of f and 16?
16
Let i(a) = -a**3 - 3*a**2 + 17*a + 10. Let v be i(-10). Suppose 2*c + v = 7*c. What is the greatest common divisor of c and 6?
6
Let z = -87 - -155. Suppose -12*n + 212 - z = 0. Suppose -n*m = -4*m - 144. What is the greatest common factor of 162 and m?
18
Suppose -3677 = -v + 2*d, -25*v + 5*d = -28*v + 10954. What is the greatest common factor of v and 27?
9
Let b = -4287 - -4298. Calculate the highest common divisor of b and 1243.
11
Let i be 15/((-5 + 0)*(-9)/90). Let o(n) = -n**2 + 14*n - 3. Let j be o(13). Calculate the highest common factor of i and j.
10
Let m be 18/7 + 9/21. Let h be ((-14)/2 + m)/(2/(-1)). Let f be ((-10)/2)/(5/(-20)). Calculate the greatest common factor of h and f.
2
Suppose -4*t + 3*r = -366, 4*r - 20 = -4*t + 360. What is the highest common factor of 4557 and t?
93
Suppose 15*i + 16*i = i + 2490. Calculate the greatest common divisor of i and 11.
1
Let q = -560 + 194. Let b be q/(5/((-10)/4)). Let l = b + -73. Calculate the greatest common factor of 10 and l.
10
Suppose -41*v = -9*v + 28*v - 63000. What is the greatest common factor of 270 and v?
30
Let f = -339 + 493. Suppose -26*d = -f - 106. Calculate the greatest common divisor of 250 and d.
10
Suppose -15 = -6*h + 2*h + 5*s, -28 = -5*h - 3*s. Let x be 12*4*(-55)/(-44). Calculate the greatest common factor of x and h.
5
Suppose -4*f - 987 = -1147. Calculate the greatest common factor of f and 510.
10
Let u(l) = 3*l - 16. Let h(b) = -b. Let c(m) = -2*h(m) - u(m). Let p be c(0). Suppose 5*g - 513 + 193 = 0. Calculate the highest common factor of g and p.
16
Suppose 12 = -2*j + 18. Suppose 9*x = j*o + 11*x + 6, 0 = -o + x + 3. Suppose -s - 3 + 9 = o. What is the greatest common divisor of 3 and s?
3
Let h(f) = 4*f**2 + 4*f. Let i be h(5). Let r(l) = 146*l**2 + 387*l - 3. Let g be r(-3). What is the highest common divisor of g and i?
30
Suppose -a - h - 64 = 0, 0*a - 4*h + 74 = -a. Let v = a - -93. Suppose -26*q + 17 + 217 = 0. What is the greatest common factor of v and q?
9
Let a(n) = n**3 + n**2 - 9. Let b be a(0). Let k be 8 - (-4)/(-12)*b/(-1). Suppose -71 + 46 = -k*r. What is the highest common divisor of 15 and r?
5
Let t(d) = -11*d - 98. Let j(a) = -a**2 + 7*a + 6. Let u be j(9). Let p be t(u). What is the greatest common divisor of p and 646?
34
Let o be 1648/48 - 5/(-3). Let s = 768 - 426. What is the greatest common divisor of s and o?
18
Suppose -203*r + 4485 = -164*r. What is the highest common divisor of r and 161?
23
Suppose -2*r + 2*q - 13 = -99, 0 = -3*q + 3. What is the highest common factor of r and 891?
11
Let s(i) be the third derivative of 5*i**4/24 + 67*i**3/6 - 2*i**2 - 35*i. Let l be s(-6). What is the highest common divisor of 1 and l?
1
Suppose 2*s - 6*s = 4*u - 20, -3*u + 7 = -s. What is the highest common factor of 687 and u?
3
Let p = -22 + -70. Suppose 92 = 2*l + 250. Let w = l - p. What is the highest common divisor of w and 221?
13
Suppose -2 = 2*l, -24*w - 12 = -25*w + 3*l. Suppose -288 + 72 = -w*b. What is the highest common divisor of b and 312?
24
Let s(r) = -21*r - 41. Let m be s(3). Let u = m + 106. Calculate the greatest common divisor of 26 and u.
2
Let a(r) = -r**3 + 28*r**2 - 184*r + 55. Let m be a(17). Calculate the highest common factor of 6466 and m.
106
Let h be (27/(-2))/(-11 + (-2280)/(-208)). What is the greatest common factor of 297 and h?
27
Let r(y) = y - 10. Let f be r(25). Suppose -25 = 5*b, 2*o - 4*b - 458 - 1152 = 0. Calculate the greatest common divisor of o and f.
15
Suppose -11 = -300*g + 299*g + f, 0 = -3*f. Calculate the highest common factor of 1331 and g.
11
Let y = -8340 - -9117. Calculate the greatest common factor of 3 and y.
3
Let n be 52/(-78)*-93*3/2. Calculate the highest common divisor of 248 and n.
31
Let m = 766 + -629. What is the greatest common divisor of m and 8494?
137
Let q(m) = 14*m**2 + 25*m + 89. Let i be q(-4). Calculate the greatest common divisor of i and 75.
3
Suppose -48*f = -2085 + 453. Let y(n) = n**2 + 9*n - 1. Let g be y(-13). What is the highest common factor of f and g?
17
Let o = -157 - -287. Let g(r) = -22*r**3 - 2*r**2 - 7*r - 5. Let v be g(-2). Let c = 203 - v. What is the highest common divisor of c and o?
26
Let t = 54 + -47. Let z(u) = -5*u + 39. Let f be z(t). Suppose l + f*i + 42 = 3*l, -4*i = 5*l - 63. What is the highest common factor of l and 30?
15
Suppose -3*o + o - 20021 = -3*t, 3*o = 15. What is the highest common divisor of t and 11?
11
Let l(g) = -g**2 + 43*g + 52. Let q = 598 + -556. Let z be l(q). Calculate the highest common factor of z and 2.
2
Let a(p) be the second derivative of 119*p**3/3 - 12*p**2 - 303*p. Let j be a(2). Calculate the highest common factor of 113 and j.
113
Suppose 5*v - 2*v - 24 = 0. Suppose k = -k + v. Let m be 42/12*20/7. Calculate the greatest common factor of k and m.
2
Let k(y) be the second derivative of 33*y + 0 + y**4 - 1/20*y**5 - 13/2*y**2 + 2*y**3. Let h be k(11). What is the greatest common divisor of h and 15?
15
Let k = 1133 + 572. Calculate the greatest common divisor of k and 275.
55
Let i = -5074 + 5378. What is the highest common factor of 494 and i?
38
Suppose 616 = 4*u + f, -2*u + 401 = -3*f + 93. Let x(y) = 132*y - 33. Let o be x(2). What is the highest common divisor of o and u?
77
Suppose 0 = -5*v + 7*v - 2*r - 1024, -5*r + 1504 = 3*v. What is the greatest common factor of 2 and v?
2
Let j = 577 - 249. Let c be (4/(-8))/(0 - (-4)/(-40)). Suppose -c*a - 2*d + 185 = 2*d, 0 = 3*a + d - 118. What is the greatest common divisor of j and a?
41
Let r = -15 - -19. Let t(g) = 8*g - 23. Let j be t(r). Suppose 18 = 5*n - 12. Calculate the highest common divisor of j and n.
3
Suppose 108*z + 55*z - 1736 = -54*z. Let j be 8*(-8 + 4 + 15). What is the highest common factor of j and z?
8
Let w be 6/(-12) - 102/(-4). Suppose -1288 = 18*t - w*t. What is the highest common factor of 23 and t?
23
Suppose 0 = -271*a + 188*a + 15936. What is the highest common divisor of a and 1088?
64
Let n(m) = -m**3 - 58*m**2 - 194*m + 102. Let b be n(-60). What is the highest common divisor of b and 42?
42
Suppose -3*k + 6409 = 10*k. Suppose 488*y = k*y - 350. What is the greatest common factor of y and 20?
10
Suppose 6*x - 47 = -17. Suppose -x*q = -71 - 119. What is the highest common factor of q and 95?
19
Let s be 238/10 - (3 + 16/(-5)). Let t(z) = -24*z. Suppose 0*a + 4 = -2*a. Let w be t(a). What is the highest common factor of s and w?
24
Let h(p) = -p. Let l be h(-1). Let j be (l + (-2140)/(-5))/1. Suppose 2*i = -4*y + 3 + 63, 4*i + 2*y - 150 = 0. What is the greatest common factor of j